**3. Let t(k) be the second derivative of q(k). Determine t(-4).
-5
Let b(o) = o**3 + o**2 - o - 1. Let w(h) = 7*h**3 + 10*h**2 - 10*h + 1. Let t(i) = -6*b(i) + w(i). What is t(-5)?
2
Suppose 46*b - 8 = 42*b. Let x(z) = 9*z**2 - 3*z + 7. Let v(s) = 17*s**2 - 6*s + 13. Let i(w) = -6*v(w) + 11*x(w). What is i(b)?
-7
Let h(q) = q + 7. Suppose 0 = v - 3*v + 4. Suppose v*j = -5*o + 2*o + 5, -5*o = 2*j - 11. Suppose 33 = -2*r - 5*m, o*r - 5*m = r + 17. Calculate h(r).
3
Suppose 0*z + 2*z + 4 = 4*j, 40 = 4*z + 4*j. Suppose g + 4*m = 19, m + 20 = z*m. Let x(w) = -w + w**2 - g*w - 2*w + 7. Calculate x(5).
2
Let s(g) be the first derivative of g**2/2 + 4. Suppose -4 + 0 = 5*h - 2*k, 3*k = 6. Suppose h = 3*j - 13 - 5. Give s(j).
6
Let y = -3 + 2. Let a(b) be the second derivative of 0 + 4*b - 1/12*b**4 - 1/5*b**5 + 1/2*b**2 + 0*b**3. What is a(y)?
4
Let l be 24/(-5) + (-2)/10. Let a(k) = -6*k - 1. Let z(g) = -7*g. Let d(w) = -5*a(w) + 4*z(w). Calculate d(l).
-5
Let i(s) be the first derivative of -1/3*s**3 + s + 2 + 0*s**2. Let p be 4/(-24)*2*3. Give i(p).
0
Let p be -5 - 43/(-5) - (-2)/5. Let b(x) = -x**3 + 6*x**2 - 4*x - 3. Determine b(p).
13
Let k(j) = -5*j - 6 - 3*j + 0 + 1 - j**2. What is k(-8)?
-5
Let o(c) = 11*c - 33*c + 20*c + 5. Determine o(-7).
19
Suppose 2*j - 5*t - 2 = 0, 5*j - 4*t + 0 - 5 = 0. Let s(r) = -3*r - 3 - 2*r + j - r**2. Suppose -3*m - 7 - 2 = 0. Calculate s(m).
4
Suppose 5*p = 3 + 7. Suppose p*m - 7*m + n - 36 = 0, 0 = -5*n + 5. Let f(s) = s**2 + 7*s + 9. What is f(m)?
9
Let w(v) = v**2 - 4*v - 7. Let a(x) = 6*x + 9. Let k be a(-4). Let j = 20 + k. Determine w(j).
-2
Let b(x) = -3*x - 7. Suppose 4 - 53 = 7*k. Determine b(k).
14
Suppose m - 16 = -m + 3*d, 8 = m + 3*d. Let s(i) = -i + 3 - 3 + m. Determine s(6).
2
Let v(l) = -2*l**2 + 1 - 4*l**2 + 6*l**2 + l**3. Determine v(-1).
0
Let s(p) be the second derivative of 0 - 1/6*p**3 + p - 3*p**2. What is s(-6)?
0
Let y(p) = 3*p + 1. Suppose 0 = -3*l + 7*l - 68. Suppose 3*f = -2*g + l, -f + 9*g - 4*g - 17 = 0. Determine y(f).
10
Let o(j) = j**2 + 6*j + 5. Suppose 2*f + 4*n = 12, -5*f + 28 + 24 = -n. Let i = -15 + f. Give o(i).
0
Let b(j) = j. Suppose -3 = -5*i + 12. Calculate b(i).
3
Let z(x) = -7*x**3 + 2*x**2 + 8*x + 5. Let h(n) = -6*n**3 + n**2 + 8*n + 5. Let p(t) = -6*h(t) + 5*z(t). Calculate p(-5).
10
Let n(x) = x**3 + 4*x**2 - x - 3. Let y(g) = -g - 5. Let u be y(-7). Let v = -2 - u. Give n(v).
1
Let c(l) = -3*l + 3. Let f(r) = r + 21. Let y(b) = -5. Let v(u) = -2*f(u) - 9*y(u). Let q(s) = 6*c(s) - 7*v(s). Give q(-2).
5
Let f(g) = 9*g**2 - 5*g - 8. Let s(z) = -5*z**2 + 3*z + 4. Let o(v) = -4*f(v) - 7*s(v). Let n = -25 + 16. Let m = n + 6. Give o(m).
-2
Suppose -y - 15 = -6*y. Let v(j) = -3*j**2 + 2*j. Determine v(y).
-21
Let n = 3385/24 + -141. Let w(q) be the third derivative of 0*q**3 - n*q**4 + 0 + 0*q + 0*q**5 + 1/20*q**6 - 2*q**2. What is w(-1)?
-5
Let h(x) = -8*x**3. Suppose -3*w + 0*w + 15 = 0. Suppose 1 = -4*u + w*u. Determine h(u).
-8
Let v(z) = z**2 + 9*z + 2. Let p be v(-8). Let j(i) = -8*i - 23. Let l(k) = 3*k + 8. Let x(t) = 4*j(t) + 11*l(t). Give x(p).
-10
Let m(c) = 3*c**3 + 2*c**2 + c. Let g(x) = -x**2 + 5*x - 6. Let i be g(4). Determine m(i).
-18
Let j be -2 - 0/(-1 - 0). Let l = j + -2. Let q(s) = 4 - s**2 + s - 5*s - 1. Calculate q(l).
3
Let k(g) = -g**2 - 6*g**3 - 3*g**2 + 7*g**3 + 3*g. What is k(4)?
12
Let g(a) = a**2 - 19*a - 19. Let v be g(20). Let t(c) be the first derivative of c**3/3 - c**2/2 + c + 2. What is t(v)?
1
Let p(x) = -x**2 + x + 1. Let y(f) = 6*f**2 - 14*f - 6. Let i(w) = 5*p(w) + y(w). Let l be i(9). Let r(b) = -8*b**2 + b. Give r(l).
-9
Let a(n) = 2*n**2 + 2. Let d be (2 - 2 - 0)/(-2). Suppose -4*t - 2 - 6 = d. Give a(t).
10
Let i(x) be the second derivative of -5*x**4/12 - x**3/3 - 3*x. Let j(d) = 9*d**2 + 4*d + 1. Let b(a) = -5*i(a) - 3*j(a). Determine b(-2).
-7
Let n(d) = d**3 + 10*d**2 + d + 13. Suppose -4*i = 4*a + 24, a - 14 = -4*i - 50. Calculate n(i).
3
Let q(l) = 28*l + 3 - 6*l - 14*l + l**2. Give q(-8).
3
Let l(x) = x**3. Let m(k) = k**3 + k. Let v(p) = 3*l(p) - m(p). Determine v(-1).
-1
Let p(b) = -2 - 2 - 4*b + 1. Give p(-3).
9
Suppose 0*c = -c + 3. Let j(t) = 5*t**2 - 7*t + 2. Let p(b) = -4*b**2 - 9. Let a(v) = v + 1. Let n(u) = 6*a(u) + p(u). Let m(k) = c*j(k) + 4*n(k). What is m(4)?
-10
Suppose 3*f - 3 = 15. Let a(o) = o + 7. Let k(g) = g + 4. Let v(t) = -3*a(t) + 5*k(t). Determine v(f).
11
Let u(a) = 6 - 2 + 6 - a**2 - 6 - 5*a. Calculate u(-5).
4
Let r(h) be the second derivative of h**4/12 - h**3/6 - 3*h**2/2 - 39*h. What is r(-3)?
9
Let z(q) = q + 6. Suppose 3*f + 25 = -2*f. Determine z(f).
1
Suppose 2*f - 3*f - 5 = 0. Let n(b) = -b**3 - 5*b**2 + 3*b + 4. What is n(f)?
-11
Let c(z) = z**2 + 3*z + 2. Let j(n) = n**3 + 3*n**2 - 4*n - 2. Let f be j(-4). Determine c(f).
0
Let x(d) be the second derivative of d**5/20 - 5*d**4/12 - d**3/6 - d**2/2 - 17*d. What is x(5)?
-6
Let w(c) = 2*c**2 + 27*c + 12. Let y be w(-13). Let r(b) = -3*b**3 + 2*b + 1. Determine r(y).
2
Let r(y) = y**3 - y**2 - 3*y - 2. Suppose -8 = 4*i, -i + 2*i + 8 = -3*v. Let k be 0 + v + 1*5. Give r(k).
7
Let l = 6 + -7. Let n = -2 + l. Let j(q) = -q**3 - 2*q**2 + 1. Determine j(n).
10
Let k(x) = 5. Let h(j) = -j - 1. Let p(w) = h(w) - k(w). Calculate p(-6).
0
Let t(c) = c**2 + 5*c + 1. Let j(y) = 5*y. Suppose -5*q + 27 = -8*q. Let a be 3 + (-12)/q*-3. Let n be j(a). Determine t(n).
1
Let r(s) = 3*s + 6*s - 2 - 10*s. What is r(-6)?
4
Suppose -4*r = -1 - 3. Let i(h) = 5*h**2 - 6*h + 5. Let p(d) = -6*d**2 + 5*d - 4. Let o(s) = -s. Let m be o(-5). Let a(n) = m*p(n) + 4*i(n). Calculate a(r).
-9
Let m(d) = 1 - d**2 + 2*d**2 - 2 - d. Suppose -o + 2*u = o - 6, 0 = o + u + 3. Determine m(o).
-1
Suppose 2*g - 22 = g + 4*o, 0 = -2*g + o + 9. Let f(p) = -4*p**2 - 1 + 0 + 0 + 3*p**g. Give f(0).
-1
Let k(r) = -15*r - 35. Let u(c) = -3*c - 7. Let l(q) = -2*k(q) + 11*u(q). Give l(-7).
14
Let z(p) = -p**3 - 3*p**2 + 3*p + 1. Suppose -b + 2*g - 10 = 0, 0*b + g = -2*b - 5. Let i = 3 + b. Let s be (-6)/2*i/(-1). Give z(s).
-8
Let o(h) = 1 - 10*h**3 + 9*h**3 + 7*h - 6*h. Determine o(-1).
1
Let p(c) = c**2 + 4*c - 3. Let t = -2 + 9. Let h = t - 5. Suppose -6 = u - h. Determine p(u).
-3
Suppose t - 5*t = -32. Let z(q) = -q**2 + 10*q - 10. Give z(t).
6
Let o be -3 + -1 + (1 - -5). Let g(b) be the first derivative of 0*b + 2 + 1/4*b**4 + o*b**3 + 3*b**2. Determine g(-5).
-5
Let h = 5 + -3. Let w be 26/6 - h/6. Let m(n) = -37*n**2 + 3*n - 2*n + 33*n**2 + n**3. Determine m(w).
4
Let a(v) = -3*v**3 + v**2 + 2*v + 4*v**2 + 6 + 2*v**3 - 9. What is a(5)?
7
Let p(m) = m**3 - m**2 + 1. Let h be p(1). Let n be -2*2/4 - -2. Let v(s) = n + 2*s + 5*s - 3*s. Determine v(h).
5
Let c(a) = -3*a**2 + 10*a - 23. Let i(d) = -2*d**2 + 7*d - 15. Let o(f) = 5*c(f) - 8*i(f). Let p = -2 - -6. Determine o(p).
-3
Let s be 1/5*10/12. Let d(l) be the second derivative of 0 + s*l**3 + 2*l + 1/6*l**4 - l**2. What is d(-2)?
4
Let i(h) = -3 - 2 + h - 4 + 4. Let n(w) = -2*w + 10. Let s(g) = -5*i(g) - 3*n(g). Suppose x = -2*q + 2*x + 12, -q = 3*x + 1. Give s(q).
0
Let s(v) be the first derivative of -2*v**3/3 + 3*v**2 - 6*v - 5. Determine s(4).
-14
Let t(m) = -m**2 + 2*m + 13. Let a(g) = 2*g**2 - 5*g - 27. Let r(s) = 2*a(s) + 5*t(s). What is r(0)?
11
Let m(h) = h**2 - 3*h + 19. Let x(y) = -3*y**2 + 8*y - 57. Let c(f) = 8*m(f) + 3*x(f). Give c(0).
-19
Let u(q) = -q - 10. Suppose 5 + 25 = -3*v. Calculate u(v).
0
Let n = 4 + -1. Suppose -4*d + 3 = 3*q - 5*d, 4*d - 14 = -q. Let j(h) = -q - h - 3*h + n*h. What is j(-4)?
2
Suppose 19 = -i - 5*y, -i - y - 47 = 4*i. Let n(f) = f**2 + 9*f - 3. What is n(i)?
-3
Let x be 2 + 0 - 7/(-7). Let b(f) = -f**3 - f**2 - f - 1. Let h(c) = -2*c**3 + 2*c**2 - 5*c + 3. Let i(p) = b(p) - h(p). Give i(x).
8
Let t(r) = 6*r**3 - 2*r**3 + 7 - 7*r - 3*r**3 + 0 + 6*r**2. Calculate t(-7).
7
Let c = 3 + 3. Suppose -4*q + 34 = c. Let n(r) = q*r + 6 - 1 + 7*r**2 + r**3 + 2. Determine n(-6).
1
Let y(r) = 8*r**2 - 2*r**2 - 16*r**2. Determine y(1).
-10
Let g(i) = -i**2 - 12*i + 1. Let n be g(-12). Let m(r) = 7*r - r + 14 + 4*r - n. Let h(f) = 3*f + 4. Let u(y) = 7*h(y) - 2*m(y). Determine u(-6).
-4
Let x(b) be the third derivative of -b**6/120 - b**5/10 - b**4/24 - 5*b**2. What is x(-6)?
6
Suppose g - 5